o**4/24 - 17*o**3/6 - 4*o**2 - 11. Calculate the remainder when 87 is divided by m(-13).
21
Suppose -2654 = -16*y + 2531 - 1841. Calculate the remainder when 5431 is divided by y.
206
Calculate the remainder when (-4 + (-2 - (-328)/(-12)))/((-25)/3600) is divided by 49.
47
Let j = 18117 - 9532. What is the remainder when j is divided by 81?
80
Suppose 7*t = 2*t + 125. Suppose -i - 2*w = -75, -2*w - 193 - 158 = -5*i. Let y = i + t. Calculate the remainder when y is divided by 33.
30
Let l(h) = 3*h**2 - 50*h + 18. Let i(z) = 4*z**2 - 49*z + 16. Let y(c) = -4*i(c) + 3*l(c). What is the remainder when 138 is divided by y(6)?
12
What is the remainder when 1033 is divided by (2/(-6))/(10/3045*287/(-246))?
76
Let a(m) = 2*m**2 - 7*m + 13. What is the remainder when a(-12) is divided by 95?
5
Let d(q) = 22*q - 141. Let w be d(9). Suppose -w*k + 30 = -55*k. Let h(i) = -i**3 + 9*i**2 + 10*i - 5. What is the remainder when h(9) is divided by k?
10
Suppose u + 2*d + 55 = 0, 2*u - 45 = -2*d - 161. Let q(o) = -o**3 + 5*o**2 + 5*o + 6. Calculate the remainder when 1/((1/u)/(-3 + 2)) is divided by q(5).
30
Let n = -9806 + 9823. Suppose 0 = 3*f + 5*z - 715, 3*f + 2*z - 3*z - 703 = 0. Calculate the remainder when f is divided by n.
14
Let k = 16708 + -13734. What is the remainder when k is divided by 40?
14
What is the remainder when 1023 is divided by (0 - 27)/(((-33)/(-99))/(2/(-6)))?
24
Let x(u) = 17*u**3 + 240*u**2 + 21*u + 53. What is the remainder when 16609 is divided by x(-14)?
150
Let b = 220 + -14. Let h = -205 + b. What is the remainder when 6 is divided by h?
0
Suppose 4*c = 5*f + 24 + 50, -3*c - f = -65. Suppose 0 = -x - 5 - 5. What is the remainder when c is divided by (8/5)/((-4)/x)?
1
Let s(i) = 122*i + 624. What is the remainder when s(-5) is divided by 12?
2
Suppose 50*c - 1265 = -50*c + 95*c. What is the remainder when c is divided by 64?
61
Let r(q) = 4*q**3 + 212*q**2 - 6*q - 166. Calculate the remainder when 429 is divided by r(-53).
125
Let u(b) = -2*b**3 - 2*b**2 + 5*b + 1. Let a(y) = y**3 + 14*y**2 + 15*y + 35. What is the remainder when u(-4) is divided by a(-13)?
5
Let i(h) = h - 6. Let k be i(9). Suppose -j = -3*b + 23, k*j + 3 = 21*b - 23*b. Calculate the remainder when 16 is divided by b.
4
Let a = 109 - 70. What is the remainder when (-6)/(-2) - (4/14 + 11284/(-49)) is divided by a?
38
Suppose n - b - 600 = 6*n, -3*b - 600 = 5*n. Let g = n + 214. Let f = g - 75. Calculate the remainder when 36 is divided by f.
17
Let d = 4283 + -4042. What is the remainder when d is divided by 97?
47
Let g = -66 + 72. Suppose 0 = 4*s - 2*x - 76, 3*x + g = -6. Calculate the remainder when 32 is divided by s.
15
Let o(k) = 3*k**2 - 2*k + 11. Let a = -136 - -140. What is the remainder when o(a) is divided by 28?
23
Let d(i) = 32*i**2 + 206*i - 412. Calculate the remainder when 278 is divided by d(2).
22
Let m be (-154)/(-19) + 34/(-323). Suppose m*l + 896 = 16*l. Calculate the remainder when l is divided by 34.
10
Let j = -667 + 689. Suppose 47*x + j = 48*x. Let q = 193 - 20. What is the remainder when q is divided by x?
19
Let k = -5821 - -6706. Calculate the remainder when k is divided by 23.
11
Suppose 5*p - 2*c - 229 - 78 = 0, -5*c = -5*p + 295. Suppose 13*d - 496 = 440. Let h = 86 - d. Calculate the remainder when p is divided by h.
7
Suppose -w - 3*x = -23, 0*w = w - 5*x - 55. Suppose 84*s - 239*s = -108*s - 21291. Calculate the remainder when s is divided by w.
33
Let x = 14 - 6. Let n = -41 - -51. Suppose 136 = 3*u - 5*i, -n*u = -7*u + 3*i - 96. What is the remainder when u is divided by x?
5
Let y(g) = -187*g - 2*g**3 - 61 - 85*g**2 + g**3 - 71*g**2 + 208*g**2. Calculate the remainder when y(48) is divided by 20.
19
Suppose -40 = -3*w + 23. What is the remainder when (-30)/945*-14 - (-2635)/45 is divided by w?
17
Let s be (6/(-1) - -10)/(-1 - 1). Let u be (2 - (1 - s)) + 5. Suppose u*q - 128 = -4*q. Calculate the remainder when 60 is divided by q.
12
Suppose 35544*m - 8160 = 35534*m. Calculate the remainder when m is divided by 80.
16
Suppose 0*g + g + 3*q - 9 = 0, 2*g - 16 = -5*q. Let f be (-228)/(-24) - (-1)/(-2). Suppose g*y - f*y = -48. Calculate the remainder when 14 is divided by y.
6
Let l = 25 + 0. Suppose -2*z + 203 = 5*q - 40, q = 4*z + 53. Calculate the remainder when q is divided by l.
24
Let d(l) = -99*l - 1161. What is the remainder when 266 is divided by d(-14)?
41
Suppose 6*s - 7*s + 38 = 0. Let n = s - 36. Suppose 2*u = 2*r - 10, -n*r = 2*r + u - 15. Calculate the remainder when 7 is divided by r.
3
Let p be 6/12*(-1 + 17). Suppose -p*l + 1 = 9. What is the remainder when 90 is divided by l - -3*9 - 3?
21
Let b = 4875 + -4624. What is the remainder when b is divided by 12?
11
Suppose 3*d = -5*r - 0*d + 385, 2*d = -5*r + 385. What is the remainder when r is divided by 1/3 - 15/((-630)/406)?
7
Calculate the remainder when 145 is divided by (-5)/6*-2*84/(-392)*-42.
10
Let t(h) = -355*h - 47. Calculate the remainder when t(-2) is divided by 57.
36
What is the remainder when 318 is divided by -7 + (-6545)/(-49) + -3*32/168?
66
Suppose -2*a = 2*a + 2*u + 14, -5*a - 4*u = 25. What is the remainder when ((-2)/((-2)/(-29)))/a is divided by 26/4 + 6/(-12)?
5
Let r = -82 - -86. Suppose f = 3*f + 3*w - 78, -r*f + 5*w + 134 = 0. Calculate the remainder when 270 is divided by f + (5 - (4 - 2)).
36
Let g(u) = -u**2 + 20*u + 113. Let i be g(-6). Let h = i - -78. Calculate the remainder when h is divided by 14.
7
Suppose 651 + 453 = 4*g. Let f(q) = 18*q**3 + 60*q**2 + 75*q + 206. What is the remainder when g is divided by f(-3)?
31
Let p = -2393 + 3440. Calculate the remainder when p is divided by 48.
39
What is the remainder when 102 is divided by -54*4/(-24) - -26?
32
Let f = 1141 + -814. Let q = 14 + f. Calculate the remainder when q is divided by 23.
19
Suppose -182 = -2*x - r, 0 = 5*x + 5*r + 160 - 605. What is the remainder when 2509 is divided by x?
91
Let n be (-2)/(-9) + 0 - 64675/(-117). Let z = 592 - n. Calculate the remainder when 76 is divided by z.
37
Let q(c) = -3*c**2 + 85*c + 1580. What is the remainder when 2223 is divided by q(41)?
1
Suppose 0 = -12*i + 1325 - 113. Suppose -2*x + i = -3. Suppose -5*d + 56 = 3*c - 0*d, 2*d + x = 5*c. Calculate the remainder when 55 is divided by c.
7
Let i = 18216 - 13140. What is the remainder when i is divided by 33?
27
Suppose -g - 28 = -2*s, 3*g = 2*s - 5 - 15. Let r = -6092 - -6154. What is the remainder when r is divided by s?
14
Suppose 4*g - 212 = -181 + 397. Calculate the remainder when g is divided by 25.
7
Suppose 5783 = 31*s + 13*s - 1037. Calculate the remainder when 580 is divided by s.
115
Suppose -4*v = -7*v + 240. Suppose -5*h = -8*h - 3*z + 135, z - 4 = 0. What is the remainder when v is divided by h?
39
Suppose 7*o = 14*o + 238. Let q = o + 37. Suppose 6*x - 10*x + 5*g + 196 = 0, q*g = -12. What is the remainder when x is divided by 25?
19
Suppose -6*a - 2*a = -48. Suppose 6*v - 204 = -a*v. What is the remainder when 31 is divided by v?
14
Suppose p + 2*p - 4315 = 5*f, 5*p - f = 7199. Suppose -37*s + p + 558 = 0. Calculate the remainder when s is divided by 16.
6
What is the remainder when 2275 is divided by 570/(-1045) + ((-1)/(-2) - (-10101)/66)?
133
Let p = 25 + -22. Suppose 3*z + p = 4*z. Suppose 4*c = -3*f + 100, 5*c - z*f - 224 = -72. Calculate the remainder when c is divided by 16.
12
Let m(h) = 2*h**2 + 35*h - 119. What is the remainder when 14832 is divided by m(6)?
162
Suppose 1105964 - 186770 = 239*y. What is the remainder when y is divided by 23?
5
Let w be (-4)/(-30) - (-3952)/60. Let q = 1 + 35. What is the remainder when w - (-5)/((-10)/(-6)) is divided by q?
33
Let a = 434 + -430. Suppose 2*t - 202 = -4*g, 4*g = a*t - 3*t + 187. What is the remainder when g is divided by 22?
4
Let x be (-6 - -13) + -3 + -1. Suppose 5*t - 4*g = -x*g + 331, t - 63 = -3*g. What is the remainder when t is divided by 23?
20
Let l = -1156 - -1185. What is the remainder when 491 is divided by l?
27
Suppose -4*d - 2*v + 3 = -125, 5*d = v + 146. Suppose 2*q = -1041 - 1799. Calculate the remainder when q/(-12) + (-2)/6 is divided by d.
28
Let q = 361 + -363. What is the remainder when 40 is divided by 15 + q/6*0/(-16)?
10
Let h(y) = y**3 + 70*y**2 - 80*y + 70. Calculate the rem